 a factor of 700?
True
Does 62 divide 682?
True
Is 3 a factor of 637?
False
Is 18 a factor of 19530?
True
Is 27 a factor of 162?
True
Is 26 a factor of 754?
True
Is 23 a factor of 712?
False
Is 23 a multiple of 23?
True
Does 19 divide 4674?
True
Does 14 divide 733?
False
Is 336 even?
True
Does 7 divide 39858?
True
Is 4228 a multiple of 7?
True
Does 19 divide 426?
False
Does 11 divide 931?
False
Is 451 a multiple of 11?
True
Is 17 a factor of 1399?
False
Is 32 a factor of 1664?
True
Does 6 divide 3988?
False
Is 9636 a multiple of 66?
True
Is 3366 a multiple of 51?
True
Is 4921 a multiple of 5?
False
Does 40 divide 20595?
False
Is 31 a factor of 1277?
False
Is 287 a multiple of 13?
False
Is 3 a factor of 2477?
False
Is 960 a multiple of 12?
True
Is 7 a factor of 823?
False
Does 30 divide 12480?
True
Is 18 a factor of 24200?
False
Does 14 divide 50?
False
Does 69 divide 8891?
False
Is 115 a factor of 1610?
True
Is 57464 a multiple of 46?
False
Is 6581 a multiple of 41?
False
Is 132 a factor of 9504?
True
Is 28 a factor of 28678?
False
Is 65 a factor of 1105?
True
Is 106 a factor of 914?
False
Does 42 divide 5810?
False
Is 87 a factor of 2175?
True
Does 15 divide 4725?
True
Does 15 divide 2190?
True
Is 2110 a multiple of 13?
False
Does 47 divide 6063?
True
Is 8 a factor of 56687?
False
Is 70 a factor of 120?
False
Does 60 divide 86092?
False
Does 35 divide 30594?
False
Does 96 divide 18041?
False
Does 7 divide 234?
False
Does 24 divide 120?
True
Does 85 divide 170?
True
Does 224 divide 21056?
True
Does 33 divide 143?
False
Does 4 divide 180?
True
Is 27 a factor of 567?
True
Does 3 divide 6079?
False
Is 8930 a multiple of 19?
True
Is 4725 a multiple of 3?
True
Is 109 a factor of 16439?
False
Is 31 a multiple of 8?
False
Does 16 divide 2426?
False
Does 7 divide 347?
False
Does 37 divide 983?
False
Does 8 divide 20566?
False
Is 47 a factor of 165?
False
Is 42 a factor of 2172?
False
Is 18 a factor of 72954?
True
Does 9 divide 32598?
True
Is 33 a factor of 1289?
False
Is 464 a multiple of 8?
True
Is 5744 a multiple of 13?
False
Does 7 divide 1596?
True
Does 71 divide 8912?
False
Is 35 a factor of 2055?
False
Does 43 divide 1849?
True
Is 40 a factor of 960?
True
Is 5290 a multiple of 3?
False
Is 69 a factor of 279?
False
Is 3570 a multiple of 42?
True
Is 31520 a multiple of 80?
True
Does 36 divide 1181?
False
Is 6068 a multiple of 251?
False
Is 744 a multiple of 7?
False
Is 2 a factor of 2960?
True
Is 1200 a multiple of 25?
True
Is 1352 a multiple of 26?
True
Does 5 divide 520?
True
Is 44 a factor of 598?
False
Is 532 a multiple of 4?
True
Is 5427 a multiple of 67?
True
Is 10794 a multiple of 26?
False
Is 19613 a multiple of 121?
False
Is 7 a factor of 231?
True
Does 59 divide 45725?
True
Is 18 a factor of 15642?
True
Does 21 divide 29749?
False
Is 135 a factor of 27491?
False
Is 5829 a multiple of 4?
False
Is 29 a factor of 261?
True
Is 322 a multiple of 5?
False
Is 3910 a multiple of 85?
True
Is 239 a factor of 10542?
False
Does 43 divide 3269?
False
Is 50 a factor of 400?
True
Is 10 a factor of 3640?
True
Is 75803 a multiple of 119?
True
Does 111 divide 4327?
False
Is 6751 a multiple of 157?
True
Is 4890 a multiple of 30?
True
Does 145 divide 93008?
False
Does 48 divide 897?
False
Does 4 divide 1928?
True
Does 5 divide 611?
False
Does 4 divide 40021?
False
Does 15 divide 5745?
True
Is 45 a factor of 23670?
True
Does 147 divide 109515?
True
Does 6 divide 18?
True
Does 6 divide 2982?
True
Does 30 divide 2733?
False
Is 53105 a multiple of 43?
True
Is 13160 a multiple of 60?
False
Is 4339 a multiple of 19?
False
Is 27 a factor of 2214?
True
Does 18 divide 13003?
False
Is 1544 a multiple of 7?
False
Does 14 divide 23005?
False
Is 6317 a multiple of 21?
False
Does 193 divide 11327?
False
Is 324 a factor of 58657?
False
Is 70 a factor of 2932?
False
Is 36 a factor of 349?
False
Does 129 divide 3671?
False
Does 89 divide 267?
True
Is 3396 a multiple of 46?
False
Is 34 a factor of 2720?
True
Is 84739 a multiple of 101?
True
Is 2 a factor of 323?
False
Is 802 a multiple of 73?
False
Is 114 a factor of 9120?
True
Does 9 divide 926?
False
Is 61904 a multiple of 106?
True
Does 47 divide 601?
False
Is 10 a factor of 21170?
True
Does 16 divide 10515?
False
Is 234 a multiple of 2?
True
Is 48 a factor of 2586?
False
Does 14 divide 214?
False
Is 44 a factor of 532?
False
Does 32 divide 792?
False
Is 18 a factor of 4896?
True
Does 96 divide 960?
True
Is 22243 a multiple of 210?
False
Is 3 a factor of 68?
False
Is 18 a factor of 8974?
False
Is 16 a factor of 2960?
True
Is 20 a factor of 2377?
False
Does 50 divide 50939?
False
Is 109 a factor of 145972?
False
Does 43 divide 911?
False
Does 4 divide 276?
True
Does 16 divide 3781?
False
Does 10 divide 1790?
True
Is 364 a multiple of 7?
True
Does 43 divide 864?
False
Is 1040 a multiple of 65?
True
Does 23 divide 943?
True
Is 13 a factor of 922?
False
Does 3 divide 387?
True
Is 832 a multiple of 16?
True
Is 4 a factor of 1036?
True
Does 10 divide 6813?
False
Does 30 divide 1143?
False
Does 30 divide 14330?
False
Is 46 a factor of 15721?
False
Is 30 a factor of 583?
False
Does 20 divide 3848?
False
Does 21 divide 2205?
True
Does 20 divide 1300?
True
Does 22 divide 44682?
True
Is 10 a factor of 2427?
False
Does 159 divide 21790?
False
Is 53 a factor of 22186?
False
Is 2 a factor of 35?
False
Does 89 divide 30260?
True
Is 8990 a multiple of 43?
False
Is 78 a factor of 4368?
True
Is 278 a multiple of 6?
False
Does 35 divide 140?
True
Is 6867 a multiple of 33?
False
Is 8 a factor of 489?
False
Is 15 a factor of 1758?
False
Is 488 a multiple of 3?
False
Does 9 divide 279?
True
Is 185 a multiple of 10?
False
Is 715 a multiple of 19?
False
Is 15 a factor of 4527?
False
Is 23372 a multiple of 12?
False
Does 31 divide 3341?
False
Is 4 a factor of 145?
False
Is 55 a factor of 1595?
True
Is 3 a factor of 375?
True
Is 32 a factor of 1888?
True
Is 62 a factor of 4960?
True
Does 67 divide 1568?
False
Is 25 a factor of 1914?
False
Does 3 divide 5799?
True
Is 32870 a multiple of 95?
True
Does 107 divide 856?
True
Is 62370 a multiple of 27?
True
Does 16 divide 532?
False
Does 10 divide 117?
False
Is 3 a factor of 486?
True
Is 12 a factor of 2245?
False
Is 38 a factor of 12464?
True
Does 105 divide 2310?
True
Is 106 a factor of 7950?
True
Is 7200 a multiple of 30?
True
Is 5 a factor of 5?
True
Does 27 divide 6661?
False
Is 696 a multiple of 6?
True
Is 29 a factor of 5990?
False
Is 14 a factor of 890?
False
Is 7514 a multiple of 40?
False
Is 9 a factor of 6417?
True
Is 13833 a multiple of 29?
True
Is 9795 a multiple of 13?
False
Does 21 divide 36736?
False
Does 18 divide 639?
False
Is 15 a factor of 28220?
False
Does 15 divide 3195?
True
Is 29947 a multiple of 24?
False
Is 2978 a multiple of 12?
False
Does 36 divide 6948?
True
Is 1974 a multiple of 21?
True
Does 76 divide 726?
False
Is 4 a factor of 628?
True
Is 10 a factor of 3320?
True
Does 4 divide 139?
False
Does 7 divide 436?
False
Does 20 divide 21280?
True
Is 2681 a multiple of 52?
False
Is 20 a factor of 4858?
False
Is 9808 a multiple of 36?
False
Does 23 divide 10419?
True
Is 3670 a multiple of 42?
False
Does 21 divide 399?
True
Is 1906 a multiple of 91?
False
Is 5 a factor of 6815?
True
Is 20 a factor of 563?
False
Does 16 divide 3039?
False
Does 72 divide 7776?
True
Is 20 a factor of 2565?
False
Is 4452 a multiple of 12?
True
Is 18 a factor of 2250?
True
Is 201 a multiple of 7?
False
Does 11 divide 1263?
False
Is 8 a factor of 50?
False
Does 125 divide 23688?
False
Is 14162 a multiple of 58?
False
Does 51 divide 11471?
False
Is 240 a multiple of 40?
True
Does 11 divide 44803?
True
Does 52 divide 1056?
False
Is 584 a multiple of 8?
True
Is 1716 a multiple of 13?
True
Is 1044 a multiple of 8?
False
Does 28 divide 1550?
False
Does 26 divide 936?
True
Is 42 a factor of 2119?
False
Is 259 a multiple of 7?
True
Is 21 a factor of 756?
True
Is 49 a factor of 8195?
False
Is 12 a factor of 312?
True
Is 4 a factor of 381?
False
Does 73 divide 30685?
False
Does 27 divide 7506?
True
Is 9 a factor of 10080?
True
Is 10 a factor of 6410?
True
Does 4 divide 962?
False
Is 15 a factor of 3273?
False
Is 607 a multiple of 28?
False
Does 13 divide 35729?
False
Does 70 divide 2986?
False
Is 56359 a m